w - x*w. What are the prime factors of 0 + w + (-1)/(-1)?
2, 3
What are the prime factors of (1686 - -9 - 9) + -6?
2, 3, 5, 7
Suppose 5*d = 2*p + 11357, -5*d - p + 11354 = -0*d. What are the prime factors of d?
3, 757
Let q = 114 + -45. Let d(t) = -t**3 + 10*t**2 - 6*t - 5. Let n be d(6). Suppose 0 = -4*j + n + q. List the prime factors of j.
43
Let u(v) = -3*v + 1. Let w(r) = 7*r + 4 + 6 - r**2 - 3 - 1. Let y be w(9). What are the prime factors of u(y)?
37
Suppose 25717 = 30*x - 49313. What are the prime factors of x?
41, 61
Suppose 3*j - 2*w - 58 = -0*w, w - 27 = -2*j. Let x = 131 - j. What are the prime factors of x?
5, 23
Suppose 3*b + 7 = -20. Let q be (-1626)/(-27) + 2/b. Suppose -5*t = -2*u + 4*u - 40, 3*u - 2*t - q = 0. What are the prime factors of u?
2, 5
Suppose -30*g + 601 = -28*g + 5*j, j = 3*g - 859. List the prime factors of g.
2, 3
Let k(s) = -192*s - 32. List the prime factors of k(-11).
2, 5, 13
Let n(c) = -c**2 + 3*c. Let x be n(3). Let d(o) = x - 3*o - 2*o**2 + 4 - 4*o + 5*o**2. List the prime factors of d(4).
2, 3
Let w = 3443 + -960. List the prime factors of w.
13, 191
Let f(q) = 6*q + 7. Let x(y) = 5*y + 8. Let a(d) = -1. Let h(w) = a(w) + x(w). Let i(p) = 3*f(p) - 4*h(p). What are the prime factors of i(-9)?
11
Let t(k) = -k**2 + 5*k + 8. Let d be t(6). Suppose 3*f + d*f = 0. Suppose 2*o - 26 + f = 0. What are the prime factors of o?
13
Let w = 1079 - 901. What are the prime factors of w?
2, 89
What are the prime factors of (6526/8)/((-160)/(-640))?
13, 251
Let v(n) = -345*n**3 - 2*n**2 - 6*n - 4. List the prime factors of v(-1).
3, 5, 23
Let g(b) = b**3 - b**2 + 3*b + 18. List the prime factors of g(8).
2, 5, 7
Let c be (2/(-3))/(12/54). Let f = -5 - c. Let z = f + 8. List the prime factors of z.
2, 3
Suppose -k + 6*k = b + 4427, k = 2*b + 880. What are the prime factors of k?
2, 443
Suppose 0*l = -n + 2*l + 1349, -l - 6709 = -5*n. List the prime factors of n.
3, 149
Let u(m) = -22 - 20 + 50 - 8*m. What are the prime factors of u(-9)?
2, 5
Suppose -k = -2 - 2. Suppose -k = -2*i + 8. Suppose n - i - 13 = 0. List the prime factors of n.
19
Suppose -2*t - 3*t + 25 = 0. Suppose -3*g + 11 = t*d, -2*d + 9 = 4*g - d. Suppose -8 = -4*c - k + 22, 4*c + g*k = 28. What are the prime factors of c?
2
Let w = -36 + 81. What are the prime factors of w?
3, 5
Suppose -4*j - 219 = -619. What are the prime factors of (36/(-5))/((-15)/j)?
2, 3
Let p = -158 + 241. Suppose 535 = -78*z + p*z. What are the prime factors of z?
107
Suppose o = -4 - 4. Let p(h) = h**3 + 8*h**2 - 3*h + 4. What are the prime factors of p(o)?
2, 7
Suppose 2*w + 74 = 6*w + 5*h, 0 = -h + 2. Suppose -w*r + 3165 = -r. What are the prime factors of r?
211
Suppose 5*f - 6*f = -5. Suppose -o - 94 = 2*l, f*o + 2*l - 6*l + 540 = 0. What are the prime factors of (o/(-12) + 2)*3?
2
Suppose 2*a = -3*z + 717, 6*z + 1 = 5*z. What are the prime factors of a?
2, 3, 5
Let s(c) = c**2 - 3*c - 2. Let w be s(4). Let f be w - (-3)/(-12)*0. Suppose 5*d - 53 = -x, -f = -d - 4*x + 20. What are the prime factors of d?
2, 5
Let g(x) = -x**3 + 23*x**2 - 39*x + 19. List the prime factors of g(11).
2, 521
Let b = 63 + -84. Let h = b + 60. What are the prime factors of h?
3, 13
Let v(q) = 20*q - 5 + 17*q + 22. Let b(f) = -25*f - 11. Let c(g) = -7*b(g) - 5*v(g). What are the prime factors of c(-4)?
2
Suppose -3*y + 4*d = d - 390, -y - d = -126. Suppose 10*s = 11*s - y. What are the prime factors of s?
2
Let w(r) = 12*r**2 + 2*r - 2. Suppose 7*f + 4*i + 6 = 2*f, -3*f - 3*i = 3. List the prime factors of w(f).
2, 3, 7
List the prime factors of 6/33 - 7170/(-11).
2, 163
Suppose b - 40 = -n, -7*b = 3*n - 9*b - 125. List the prime factors of n.
41
Suppose 0 = 4*j + 27 - 75. List the prime factors of (-16 + 1)/((16/j)/(-4)).
3, 5
Suppose -1884 = -5*n - a, a = 4*a - 12. Let x = n - 210. What are the prime factors of x?
2, 83
Let m(n) = 1. Let t(v) = -v**3 - 2*v**2 - v - 2. Let h(b) = -4*m(b) - t(b). List the prime factors of h(1).
2
Let y(x) = -5*x**3 + 10*x**2 + 40*x - 9. Let f(j) = -11*j**3 + 21*j**2 + 79*j - 19. Let a(o) = -4*f(o) + 9*y(o). List the prime factors of a(8).
3, 73
Suppose -41421 = 82*g - 170817. What are the prime factors of g?
2, 3, 263
Let h(s) = -s**3 + 15*s**2 - 24*s + 17. Let x be h(13). Suppose x*z = 46*z - 549. What are the prime factors of z?
3, 61
Suppose 0 = -3*y + 2*y - 6. Let q = y + 13. Suppose 2*z = q - 1. List the prime factors of z.
3
Let x = -192 - -499. What are the prime factors of x?
307
Let n(w) = 196*w**2 - 3*w + 3. Let u be n(1). Suppose 3*z = -z + 4*k + u, -3*z = 4*k - 154. What are the prime factors of z?
2, 5
Suppose -10*o + 14660 = -12300. List the prime factors of o.
2, 337
Let n = 60 - 108. Let m be (n/(-28))/((-1)/7). List the prime factors of 18/m*208/(-6).
2, 13
Let z(i) = -i - 17. Let w be z(6). Let x = w + 39. List the prime factors of x.
2
Let v = -240 + 138. Let z be 1 + 2 - v/(-6). Let h = -9 - z. List the prime factors of h.
5
Suppose -61350 = -9*x - 41*x. List the prime factors of x.
3, 409
Suppose -5*l - 10 - 2 = 4*h, 4*h - 20 = 3*l. Suppose 14 + 74 = h*p. List the prime factors of p.
2, 11
Suppose -6*w - 346 = -4*w. List the prime factors of 6/8 - w/4.
2, 11
Suppose 3*k + 2*r = 290, -23 + 3 = 4*r. Suppose 0 = 11*j - 7*j - k. Let y = 59 - j. What are the prime factors of y?
2, 17
Let i(x) = 437*x**2 - 4*x + 1. List the prime factors of i(-1).
2, 13, 17
Suppose 2*r - 12 = -4. Suppose -3*n = -4*u + 12, 3*u + 3*n - 5 - r = 0. What are the prime factors of u?
3
Let p = 73 + -78. List the prime factors of 0 - 19*p - 0.
5, 19
Let f(g) = -g**3 + g**2 - 1. Let p be f(-2). Suppose -4*y = w + p, 3*w = 2*w + 4*y + 21. Suppose 9*i = w*i + 60. What are the prime factors of i?
3, 5
Let x = 8550 + -6057. What are the prime factors of x?
3, 277
Suppose 2*g = 3*p + 143, 0 = -g - 2*p - 8 + 83. Suppose 8 = -5*o + g. Let f = o + 11. List the prime factors of f.
2, 3
Let v be -76*1*(-30)/(-60). List the prime factors of 0 + 2 + v/19 - -100.
2, 5
Suppose -3*o - 21 = -10*o. Suppose -l = 2*k - 138 + 34, -o*l + 5*k = -290. List the prime factors of l.
2, 5
Let k(a) = -31*a + 42. Let g be k(10). List the prime factors of (18/72)/((-1)/g).
67
Let r(h) = -15*h - 29. Let f be r(-7). Let g(l) = 6*l**2 + l + 1. Let b be g(-3). Let m = f - b. What are the prime factors of m?
2, 3
Let x(p) = -11*p + 89. What are the prime factors of x(-7)?
2, 83
Let d = 1382 + 148. What are the prime factors of d?
2, 3, 5, 17
List the prime factors of 14/(-77) + 54225/33.
31, 53
Let w(n) = 225*n + 2. Let x be w(2). Suppose -2*r + x = k + 2*k, 2*k = -3*r + 308. List the prime factors of k.
2, 37
Suppose -12740 = -9*d + 2407. What are the prime factors of d?
3, 11, 17
Suppose 16*i - 21*i + 1950 = 0. Suppose -u - u - 156 = -2*n, u + i = 5*n. List the prime factors of n.
2, 3, 13
Let u(t) = 9*t + 6. Let g be u(5). Let w = 138 - g. List the prime factors of w.
3, 29
Suppose -4*s - 5*n + 9 = 0, 2*n + 12 = 2*s - 6. Let c = s + 5. Suppose 0 = 5*u - 74 - c. What are the prime factors of u?
17
List the prime factors of (-10)/40*4*-178.
2, 89
Let f be (143/(-2))/((-7)/(-14)). Let v be 1*(f - (3 - 3)). What are the prime factors of v/(-6) + (-1)/(-6)?
2, 3
Let r = 411 - -227. What are the prime factors of r?
2, 11, 29
Let z(p) = 16*p + 87. What are the prime factors of z(7)?
199
Let r = 59 - 49. Suppose -5*f = -r*f + 285. What are the prime factors of f?
3, 19
Let b = 8 + 4. Suppose 337 = 6*g - g + q, 0 = 4*q + b. List the prime factors of g.
2, 17
Suppose -2*r + 7*b + 5435 = 1443, -10019 = -5*r - 2*b. List the prime factors of r.
2003
Let j(i) = -2*i**2 + 12*i + 19. Let o be j(7). Let x(k) = 17*k + 7. Let r be x(-6). List the prime factors of (-3)/o + (-5472)/r.
3, 19
What are the prime factors of (-508)/(-6) - 24/36?
2, 3, 7
What are the prime factors of (51/204)/(-1*1/(-3308))?
827
Suppose -5*v - o = 35, -4*o + 22 = -5*v - 13. Let j(c) be the first derivative of c**3/3 + 3*c**2/2 + 5*c + 20. List the prime factors of j(v).
3, 11
Let f(g) = -g**2 - 95*g + 248. List the prime factors of f(-81).
2, 691
Suppose 0 = -5*k + 3*k. Let c(l) = l**3 + l + 5. Let m be c(k). Suppose 0 = 5*j - m*v - 325, 0 = v - 3*v - 10. List the prime factors of j.
2, 3, 5
Let r(n) = -n**2 + 4*n + 6. Let d be r(5). Let b be ((